{"id":50,"date":"2022-02-15T10:52:10","date_gmt":"2022-02-15T10:52:10","guid":{"rendered":"https:\/\/neu.xn--schreinerei-wrmseher-1ec.de\/wordpress\/?page_id=50"},"modified":"2022-02-15T11:28:05","modified_gmt":"2022-02-15T11:28:05","slug":"holzauswahl","status":"publish","type":"page","link":"https:\/\/web2.xn--schreinerei-wrmseher-1ec.de\/?page_id=50","title":{"rendered":"holzauswahl"},"content":{"rendered":"\n<div class=\"wp-block-media-text alignwide is-stacked-on-mobile\" style=\"grid-template-columns:30% auto\"><figure class=\"wp-block-media-text__media\"><img decoding=\"async\" loading=\"lazy\" width=\"385\" height=\"257\" src=\"https:\/\/web2.xn--schreinerei-wrmseher-1ec.de\/wp-content\/uploads\/2022\/02\/auswahl385.jpg\" alt=\"\" class=\"wp-image-51 size-full\" srcset=\"https:\/\/web2.xn--schreinerei-wrmseher-1ec.de\/wp-content\/uploads\/2022\/02\/auswahl385.jpg 385w, https:\/\/web2.xn--schreinerei-wrmseher-1ec.de\/wp-content\/uploads\/2022\/02\/auswahl385-300x200.jpg 300w\" sizes=\"(max-width: 385px) 100vw, 385px\" \/><\/figure><div class=\"wp-block-media-text__content\">\n<p class=\"has-normal-font-size\" style=\"font-style:normal;font-weight:500\">Die Holzauswahl ist ein entscheidender&nbsp;<br>Punkt f\u00fcr Ihr Wunschm\u00f6bel.<br><br>Mit Ihnen zusammen w\u00e4hlen wir unter der Vielfalt an Massivh\u00f6lzern, Plattenmaterialien und Furnieren das Beste f\u00fcr Ihr M\u00f6belst\u00fcck aus.&nbsp;<\/p>\n<\/div><\/div>\n","protected":false},"excerpt":{"rendered":"<p>Die Holzauswahl ist ein entscheidender&nbsp;Punkt f\u00fcr Ihr Wunschm\u00f6bel. Mit Ihnen zusammen w\u00e4hlen wir unter der Vielfalt an Massivh\u00f6lzern, Plattenmaterialien und Furnieren das Beste f\u00fcr Ihr M\u00f6belst\u00fcck aus.&nbsp;<\/p>\n","protected":false},"author":1,"featured_media":51,"parent":0,"menu_order":0,"comment_status":"closed","ping_status":"closed","template":"","meta":{"advgb_blocks_editor_width":"","advgb_blocks_columns_visual_guide":""},"coauthors":[],"author_meta":{"author_link":"https:\/\/web2.xn--schreinerei-wrmseher-1ec.de\/?author=1","display_name":"admin"},"relative_dates":{"created":"Posted 4\u00a0Jahren ago","modified":"Updated 4\u00a0Jahren ago"},"absolute_dates":{"created":"Posted on Februar 15, 2022","modified":"Updated on Februar 15, 2022"},"absolute_dates_time":{"created":"Posted on Februar 15, 2022 10:52 a.m.","modified":"Updated on Februar 15, 2022 11:28 a.m."},"featured_img_caption":"","featured_img":"https:\/\/web2.xn--schreinerei-wrmseher-1ec.de\/wp-content\/uploads\/2022\/02\/auswahl385.jpg","_links":{"self":[{"href":"https:\/\/web2.xn--schreinerei-wrmseher-1ec.de\/index.php?rest_route=\/wp\/v2\/pages\/50"}],"collection":[{"href":"https:\/\/web2.xn--schreinerei-wrmseher-1ec.de\/index.php?rest_route=\/wp\/v2\/pages"}],"about":[{"href":"https:\/\/web2.xn--schreinerei-wrmseher-1ec.de\/index.php?rest_route=\/wp\/v2\/types\/page"}],"author":[{"embeddable":true,"href":"https:\/\/web2.xn--schreinerei-wrmseher-1ec.de\/index.php?rest_route=\/wp\/v2\/users\/1"}],"replies":[{"embeddable":true,"href":"https:\/\/web2.xn--schreinerei-wrmseher-1ec.de\/index.php?rest_route=%2Fwp%2Fv2%2Fcomments&post=50"}],"version-history":[{"count":3,"href":"https:\/\/web2.xn--schreinerei-wrmseher-1ec.de\/index.php?rest_route=\/wp\/v2\/pages\/50\/revisions"}],"predecessor-version":[{"id":67,"href":"https:\/\/web2.xn--schreinerei-wrmseher-1ec.de\/index.php?rest_route=\/wp\/v2\/pages\/50\/revisions\/67"}],"wp:featuredmedia":[{"embeddable":true,"href":"https:\/\/web2.xn--schreinerei-wrmseher-1ec.de\/index.php?rest_route=\/wp\/v2\/media\/51"}],"wp:attachment":[{"href":"https:\/\/web2.xn--schreinerei-wrmseher-1ec.de\/index.php?rest_route=%2Fwp%2Fv2%2Fmedia&parent=50"}],"curies":[{"name":"wp","href":"https:\/\/api.w.org\/{rel}","templated":true}]}}